e the remainder when 8 is divided by 1 + (2 - (3 + (0 - 3))).
2
Let g(t) = t**3 - 6*t**2 + 12*t - 23. What is the remainder when 47 is divided by g(5)?
11
Let a = 163 - 54. Calculate the remainder when a is divided by 7/4*(5 - (-4 + -7)).
25
Let f(d) = 17*d - 13. Calculate the remainder when f(8) is divided by 31.
30
Suppose -3*t = -5*p + 20, 4*p - 16 = 4*t + t. Let m be (0 + -1 + t)*-3. Let r(s) = s**3 - s**2 - 5*s + 4. What is the remainder when 13 is divided by r(m)?
6
Suppose -3*p = -3 + 9. Suppose 0 = 4*o - 1 + 13. Calculate the remainder when 1 is divided by (-1 - o)*p/(-4).
0
Let z be (-598)/(-22) - (-4)/(-22). Suppose 4*l - l = -3*y + 57, l - 2*y - 7 = 0. Calculate the remainder when 6/z - (-500)/18 is divided by l.
13
Let h(u) = -20*u. Let c be h(-1). Let w = 39 - c. What is the remainder when w is divided by 10?
9
Let g(a) = 2*a - 4 - 6 - 1 - 3*a. Calculate the remainder when 2 is divided by g(-12).
0
Let b(k) = -k**3 - 7*k**2 - 9*k - 8. Let h be b(-6). Let y = 7 + h. What is the remainder when 49 is divided by y?
15
Suppose -2*u = 2*u. Suppose u = 4*k - 2*r - 150, 0 = 2*k - k - r - 39. What is the remainder when k is divided by 19?
17
Suppose 5*u + 5*i - 75 = 0, 2*i - 2 - 45 = -3*u. What is the remainder when 65 is divided by u?
14
Let g(j) be the second derivative of j**5/10 - j**4/12 - j**3/3 + j**2 + 3*j. Let r be ((-4)/3)/((-6)/9). What is the remainder when 29 is divided by g(r)?
9
Let a = 10 - 6. Let h(u) be the third derivative of u**6/60 - u**5/15 - u**4/24 - u**3/6 + 7*u**2. Calculate the remainder when h(a) is divided by 15.
14
Let h = -22 + 12. Let x = 7 - h. Calculate the remainder when 49 is divided by x.
15
Let w(j) = 4*j**3 - 3*j**2 - 6*j + 8. What is the remainder when w(3) is divided by 19?
14
Let q(j) = 7*j - 1. Suppose v - 4 = -3*v. What is the remainder when 2/(-7) - (-158)/14 is divided by q(v)?
5
Let h = 113 + -40. What is the remainder when h is divided by (2 - 21/6)*-10?
13
Let o = 45 - 32. What is the remainder when 51 is divided by o?
12
Suppose -4*j + 0 = -8. Suppose -6*u - 55 = -3*s - j*u, 2*s - 5*u = 46. What is the remainder when s is divided by 7?
6
Let c(p) = 21 - 8 + p - 2*p. What is the remainder when c(-10) is divided by 8?
7
Let z = 122 + -53. Calculate the remainder when z is divided by 14.
13
Let f(t) = 6*t + 3. What is the remainder when f(3) is divided by 6?
3
Let x = -14 - -60. Suppose 0 = 3*l + 2*o - 34, -4*o = -3 + 7. Calculate the remainder when x is divided by l.
10
Suppose 22 = -5*g + 7*g. Let k = 16 - g. Calculate the remainder when 17 is divided by k.
2
Suppose -h = h + 24. Let y = h + 18. What is the remainder when 22 is divided by y?
4
Suppose 5*z = -13 + 3, -5*z = -s + 20. What is the remainder when 14 is divided by s?
4
Suppose 2*t - 80 = -2*t. What is the remainder when t is divided by 7?
6
Suppose 2*n = -5*v + 85, -54 = -3*n - v + 41. Suppose 440 = r + 4*r. What is the remainder when r is divided by n?
28
Suppose 12 = -2*w + 8*w. Suppose 6 = w*s - 0. Calculate the remainder when 6 is divided by s.
0
Suppose -4*u = -u - 36. Calculate the remainder when (-1 + 0)*-1*45 is divided by u.
9
Suppose 0 = 5*p + 2*n - 11, p - 4*n - 11 = -0*p. Calculate the remainder when 9 is divided by p.
0
Suppose -25 = 5*i - 310. Suppose -5*c = 3*u - i, 4*c + 9 = u - 10. Calculate the remainder when u is divided by 10.
9
Let n(a) = -58*a**3 + a**2 + a. Calculate the remainder when n(-1) is divided by 15.
13
Suppose -h = -2*t + 1, h + 1 = -2*h + 5*t. Let p be -10*(2 + (-2 - -1)). What is the remainder when (-36)/(-10) + p/(-25) is divided by h?
1
Let l = -87 - -126. What is the remainder when 114 is divided by l?
36
Suppose 5 = n - 0*n. Suppose 5*h + 2*d = 5*d + 8, -d = 3*h - 16. What is the remainder when n is divided by h?
1
Let b be 6/(-21) - 26/7. Let r be (-222)/b*(-224)/21. What is the remainder when 6/4*r/(-12) is divided by 25?
24
Suppose 0*v - 5*v + 3*c + 142 = 0, 3*c = 4*v - 116. Let w = -23 + v. Calculate the remainder when 11 is divided by w.
2
Suppose 2*z = -t + 74, 5*t = -2*z + 365 - 11. Let a = 151 - t. What is the remainder when a is divided by 21?
18
What is the remainder when 6 is divided by 2/(-7) - (-115)/35?
0
Suppose -r + 1 = -21. Let v(n) = -n**3 - n**2 + 4*n + 2. Let t be v(-3). Suppose 0*k - t = -k. Calculate the remainder when r is divided by k.
6
Let k = 40 + -37. Let z = -4 + 7. Calculate the remainder when k is divided by z.
0
Let o(a) = -a**3 - 13*a**2 - 16*a + 2. What is the remainder when o(-12) is divided by 27?
23
Let z = -861 - -435. Calculate the remainder when (-2)/(-9) - z/27 is divided by 6.
4
Suppose -4*v + 192 = -4*o, v - 6*v + 2*o + 249 = 0. What is the remainder when v is divided by 27?
24
Suppose -64 = -3*k - 2*w + 3*w, 0 = w - 2. Suppose 0 = -4*a - 12, 0 = -3*u + 2*u + 2*a + 14. Calculate the remainder when k is divided by u.
6
Suppose 0 = f - 7*f + 510. What is the remainder when f is divided by 29?
27
Let n = 6 - 1. Let h(g) = 4*g - 6. Let q(w) = -3*w + 6. Let i(a) = -5*h(a) - 6*q(a). Calculate the remainder when n is divided by i(-5).
1
Let c = 13 - 11. Let j = 3 - c. Calculate the remainder when 1 is divided by j.
0
What is the remainder when ((-4)/(-5))/(4/10) - -45 is divided by 10?
7
Suppose -z + 2 = -0*z. Let n = 5 - z. Calculate the remainder when 5 is divided by n.
2
Let p(y) = y**2 + 5*y + 13. What is the remainder when p(-12) is divided by 25?
22
Suppose -12 + 2 = -5*o. Suppose o*m - 9 = -1. What is the remainder when m is divided by 1?
0
Let q(r) = 6*r**3 - r**2 - r. Let t be q(-1). Let c = 4 + 4. What is the remainder when 9 is divided by (-14)/t - c/(-12)?
0
Suppose 0 = 2*v - 6 - 0. What is the remainder when v is divided by 2?
1
Let t(n) = 12*n. Let l be t(1). Suppose m + l = 5*m + a, -5*m = a - 16. Calculate the remainder when 19 is divided by m.
3
Suppose 0 = o + 3*a - 29, 2*o + a - 56 = -3*a. Calculate the remainder when 101 is divided by o.
23
Suppose 0 = 4*n - 16, -n - 13 = -3*h + 10. What is the remainder when h is divided by 5?
4
Suppose 5*b + 18 = l, -22 = -l + 3*b - 0*b. Let n = -23 + l. What is the remainder when n is divided by 3?
2
Suppose -6*d = -d - 245. Calculate the remainder when d is divided by 25.
24
Let x be 4/(-48)*-9*8. Let c(u) = -u**3 + 8*u**2 - u - 13. What is the remainder when c(x) is divided by 18?
17
Let k = 58 + -17. Suppose 3*r = k + 16. Let x = -9 + r. What is the remainder when x is divided by 4?
2
Suppose -4*h = -2 - 10. Suppose 47 = 2*s + h. Suppose -2*m - 6 = 0, 4*m - 2*m = 4*b - 54. Calculate the remainder when s is divided by b.
10
Suppose -3 - 17 = -4*n. Let w(y) = y + 1. Let k be w(n). Let q(d) = d**3 - 5*d**2 - 5*d - 3. Calculate the remainder when 4 is divided by q(k).
1
Calculate the remainder when 15 is divided by 3/15 - 78/(-10).
7
Suppose 0 = -8*a + 118 + 18. What is the remainder when 84 is divided by a?
16
Let z = 23 + -12. What is the remainder when (6/18)/((-2)/(-114)) is divided by z?
8
Suppose 0 = -p + 2*p + 4*d - 15, 3*d = 0. Suppose -p = -2*t - 3. What is the remainder when 3/(-2 + (-46)/(-20)) is divided by t?
4
Let z(w) = 6*w**2 + 2*w - 2. Let m be z(-2). Suppose m = 4*s - 22. What is the remainder when 18 is divided by s?
8
Let x = -61 + 95. Calculate the remainder when x is divided by 12.
10
Suppose -6*c = 159 - 579. What is the remainder when c is divided by 25?
20
What is the remainder when 105 is divided by (3/2)/(24/864)?
51
Let l be 2 + -2 + 3 + -1. Suppose -5*i + l*w + 26 = 0, -2*i = 2*w + w - 18. Calculate the remainder when 22 is divided by i.
4
Let j be (-18)/81 + 29/9. Suppose -p + 194 = 4*l + p, 0 = 2*l + j*p - 95. Calculate the remainder when l is divided by 25.
24
Let c = 81 - 35. Calculate the remainder when c is divided by 16.
14
Suppose 42 = 4*s - 66. Suppose -2*f + s = f. Calculate the remainder when 33 is divided by f.
6
Suppose 5*t - 6 = 3*t. Suppose -115 = -2*q - t*q. Let f(i) = i**2 - 6*i - 8. Calculate the remainder when q is divided by f(8).
7
Suppose -18 = u - 67. Let k = -19 + 21. Suppose -k*n = -n + 3, 0 = 5*c + 4*n - 73. Calculate the remainder when u is divided by c.
15
Suppose 0 = -2*t - 5*p + 147, 5*p = t - 0*t - 51. What is the remainder when t is divided by 17?
15
Let g(x) = -x**3 + 3*x**2 + x + 1. What is the remainder when g(2) is divided by 20/(-6)